f = 1 - z. Let l(n) = n**2 + n - 9. Determine l(f).
-9
Let j(n) = -n**2 - n - 1. Let i be j(0). Let d = 6 - i. Let q(a) = -d - a - 2*a + 2. Calculate q(-5).
10
Let d be 9/(135/10)*(4 - 1). Let y(r) be the first derivative of d - 1/2*r**2 + r. Calculate y(-3).
4
Let y(m) = m**2 + m + 1. Let t(s) = 3*s**2 + 10*s + 7. Let o(a) = -t(a) + 2*y(a). Let f be o(-7). Let v(k) = -2*k - 6 - 3*k + 5*k - f*k. Determine v(-5).
4
Let w(t) be the first derivative of 2*t**3/3 - 3*t**2 - 5*t + 47. What is w(5)?
15
Suppose 0 = -o - 5, 0*g + 5 = -5*g - 5*o. Let s(y) = -g + 3*y + y**3 - 3*y**2 - 1 + 3. Determine s(3).
7
Let y be 5/(5/(-6))*1. Let l(a) = -a**3 - 1. Let c(k) = -7*k**3 - 6*k**2 + k - 13. Let v(o) = c(o) - 6*l(o). Give v(y).
-13
Let l(h) = -7*h + 1. Let u be 5/(-4) + (-7)/(-28). Give l(u).
8
Let u(l) = -28 + 21 - 6*l + 6 + 4. Give u(2).
-9
Let l be (-34)/(-10) + (-2)/5. Let w(i) be the first derivative of 1/3*i**l - 3*i + 2*i**2 + 2 - 1/4*i**4. Give w(2).
1
Let r(t) = t - 6. Let z(c) be the second derivative of -c**2/2 + 4*c. Let w(d) = r(d) - 5*z(d). Let h(k) = 2*k - 8. Let v be h(6). Give w(v).
3
Suppose -5*y + 7 = -8. Let o(q) = -q + 6. What is o(y)?
3
Let b = 20 - 0. Suppose t - b = 5*t - 3*y, 2*t + 10 = y. Let f = t + 8. Let u(i) = -i**3 + 3*i**2 + 2*i - 4. Determine u(f).
2
Let t(s) = -3*s - 5. Let i be 2/9 + 38/(-9). Let l be t(i). Let f(a) = a**2 - 6*a - 2. Let k be f(l). Let c(h) = h**2 - 4*h - 4. Calculate c(k).
1
Let g(s) be the first derivative of s**3/3 - 7*s**2/2 + 9*s - 4. Determine g(6).
3
Let y(r) = -r**3 + r - 4. Let w(u) = -3*u. Let t be w(-1). Suppose -2*c + t + 3 = j, 3 = -4*j + c. Determine y(j).
-4
Let d(t) be the first derivative of -5/3*t**3 + 1/2*t**2 - 1/4*t**4 - 6 + 3*t. Suppose 5*b + v = -0*v - 30, -2*b = -2*v. Determine d(b).
-2
Suppose 0 = 7*n + 56 - 21. Let w(l) = l**2 + 5*l - 1. Give w(n).
-1
Let s(r) = r + 1. Let x be (7 - 6) + (1 + -1 - -2). Give s(x).
4
Suppose -9 = -4*x - 5*q, 5*x - 9 = -0*x - 4*q. Let w(r) be the second derivative of 0*r**2 + 1/6*r**3 + r + 0. Calculate w(x).
1
Suppose -2*m + 3*m = 2*w - 1, 4*m + 4 = -2*w. Let u(n) = -n - 4. Determine u(w).
-4
Let m(x) = 6*x**3 - 10*x**3 - x + x**3 + 2*x**2. Calculate m(1).
-2
Suppose -5*s = -4*r - 1, 5*s - 2*r - 4 = -1. Let g(c) = c - c + s - c. Let z(a) = 6*a - 2. Let p(u) = 2*g(u) + z(u). Calculate p(2).
8
Let o(w) = -3 + 5 - 17*w**2 - 1 - w**2. Give o(1).
-17
Let a = 1 - 0. Let r be -5 - (-3 + 1 - a). Let p(n) = -n - 6. Let q(y) = 1. Let k(v) = p(v) + 4*q(v). Give k(r).
0
Suppose -15 = -5*c, 3*l + 2 + 1 = 2*c. Suppose r + 3*r = 0. Let d(x) = 3*x + r - 1 - 5*x - 4*x. Determine d(l).
-7
Let v be -2 + (1 - 0) + -3. Let t(w) = 7*w + 1. Let b(n) = -n. Let d(l) = -6*b(l) - t(l). What is d(v)?
3
Suppose 4*u + 5*z - 18 = 0, -5*u - 2*z + 14 = -0*u. Let c(p) = -4*p + 5 + p**3 + 4*p**2 + 0*p**2 - 2*p + u*p. What is c(-5)?
0
Let f(i) = i**2 - 5*i - 10. Let s be f(7). Suppose w = -s + 8. Let o be 1/w + (-19)/(-4). Let r(c) = -c**3 + 5*c**2 + 2*c + 2. Determine r(o).
12
Suppose 18 = -18*c + 12*c. Let r(k) = -k**3 - k**2 + 2*k - 3. Calculate r(c).
9
Let k(c) = 4*c**3 + c + 1. Suppose -g - 1 + 0 = 0. Determine k(g).
-4
Let v be 42/(-8) + 4 + (-1)/(-4). Let q(o) = -11*o**2 + 5*o + 5. Let j(z) = -5*z**2 + 3*z + 3. Let u(a) = -5*j(a) + 3*q(a). Give u(v).
-8
Suppose s - 21 = 3*s - d, 0 = -2*s - 5*d + 9. Let z(u) = -u**2 - 8*u - 1. Give z(s).
-1
Suppose 0 = -3*n + 2*n. Suppose 0 = 2*a + 10, a = j - n*j - 7. Suppose j*g + 5 = g. Let q(o) = -o**2 - 3*o + 5. Give q(g).
-5
Let c(l) = -4*l**2 + 6*l + 6. Let n(q) = -q**2. Let g(s) = -c(s) + 2*n(s). Calculate g(5).
14
Let v(k) = -k**3 + 6*k**2 - 2*k + 9. Let c = 21 + -15. What is v(c)?
-3
Let m(h) = 6*h + 2. Let o(i) be the third derivative of 5*i**4/24 + i**3/6 + 5*i**2. Let x(v) = 4*m(v) - 5*o(v). Suppose -w + 0*w + 3 = 0. Determine x(w).
0
Let m = 7 - 10. Let v(d) be the third derivative of -d**6/120 - d**5/15 - d**4/12 + 2*d**3/3 - 6*d**2. Determine v(m).
1
Let k(a) = a**3 - 2*a**2 + 3*a - 1. Suppose -x + 5 = -5*x + 3*c, -3*x - 6 = -3*c. Let f be 1 + x - (-2 + 2). Let j = 0 + f. Calculate k(j).
5
Let f(b) = 5*b**2 - 3*b - 2. Let o(s) = 6*s**2 - 2*s - 1. Let m(l) = 2*f(l) - 3*o(l). Let g(v) = -v**2 - v - 1. Let z(c) = 2*g(c) - m(c). What is z(-1)?
7
Let h be (1 - 6/4)*-4. Let t(d) = d**2 + 2*d - 1. Let q(f) = f**2 + 7*f - 3. Let u(o) = q(o) - 4*t(o). Give u(h).
-13
Let h be (-14)/(6*1/3). Let c(l) = -l**3 - 8*l**2 - 7*l + 4. Calculate c(h).
4
Suppose -3*g - 2*g + 30 = 0. Let a(l) = -l**3 - g*l + 4*l**2 + 0*l**2 + 4*l**3 - 2*l**3 - 4. Determine a(-5).
1
Let o(x) be the third derivative of -x**5/60 + 3*x**4/8 - 4*x**3/3 + 66*x**2. What is o(8)?
0
Let s = -18 - -11. Let o = 8 + s. Let l(d) be the second derivative of d**5/5 - d**4/12 + d**3/6 - d**2/2 - d. Give l(o).
3
Let z(x) = x - 4. Let l be z(6). Let y(d) = -d**3 + 4*d**2 - d - 1. Let m be y(3). Let i(c) = -c**l + 8*c + 5*c - 6 - m*c. Determine i(5).
9
Let c(z) = -2*z**2 + 2. Let k be 4/18 + (-88)/(-9). Let b = k - 8. Give c(b).
-6
Let b(x) be the third derivative of -1/24*x**4 - 6*x**2 - 1/12*x**5 + 0 + 7/6*x**3 + 1/120*x**6 + 0*x. Calculate b(5).
2
Let w(k) = -k**3 - 6*k**2 - 3*k + 5. Let d be w(-5). Let y(t) be the second derivative of -3/2*t**2 + 0 - 2*t + 1/12*t**4 + 5/6*t**3. Give y(d).
-3
Let x(r) = -5*r + 10. Let w(i) = i - 1. Let y(k) = -6*w(k) - x(k). Let s be y(-6). Suppose -2*g - s + 8 = 0. Let f(b) = b**2 - 3*b - 2. Determine f(g).
-2
Let f(c) = -3*c - 8. Let r = -15 - -9. Calculate f(r).
10
Let f(k) = -15*k - 21. Let c(b) = -8*b - 11. Let z(i) = 11*c(i) - 6*f(i). Suppose 2*w - 18 = 3*o - 0*o, 2*o + 5 = -w. Calculate z(o).
-3
Let a(k) be the first derivative of 3 - 2*k - 3/2*k**2. Give a(-2).
4
Let k(d) = -7 - 5 + d + 17. Give k(-7).
-2
Let k(b) be the first derivative of b**2/2 - 6*b + 7. What is k(5)?
-1
Let k = 2 + -2. Let r(j) = -54 + j**3 + 63 + 0*j + 0*j + j**2. Determine r(k).
9
Let p(j) = 2*j**2 - 9*j + 5. Let o be p(4). Let d(k) be the first derivative of 5/4*k**4 + 0*k**3 + 1/2*k**2 + 0*k + o. What is d(1)?
6
Suppose -r - 3*d + 31 = -0*d, -3*r - d + 101 = 0. Let m be 75/(-11) + r/(-187). Let v(q) = -q - 1. Calculate v(m).
6
Let y(n) = -8*n - 9. Let w(d) = -7*d - 3. Let l(s) = -7*s - 2. Let h(u) = -5*l(u) + 6*w(u). Let k(m) = 5*h(m) - 4*y(m). Calculate k(-5).
11
Let x = -35 - -211/6. Let s(h) be the second derivative of 0 + 2*h - h**2 + x*h**3. Calculate s(0).
-2
Suppose -19 = -3*p - 22. Let t(h) = 7*h**2 - h - 1. Give t(p).
7
Let p = -11 + 10. Let o be (-57)/15 - p/(-5). Let r(k) = -k**3 - 4*k**2 - 5. Determine r(o).
-5
Let r(a) be the second derivative of -a**4/12 - a**3/2 + 3*a**2/2 + a. Let t(b) = b**2 - b - 4. Let s be t(0). Give r(s).
-1
Let x(l) be the third derivative of -l**5/30 - l**4/12 - l**3/2 + 3*l**2. Let v = -5 + 3. Let a be (-1 + v)*2/3. Calculate x(a).
-7
Let h(k) = 3*k - 2*k + 1 - 1. Give h(1).
1
Suppose -5 + 17 = 4*t. Suppose -x - t*u + 15 = -4*x, -2*u = 4. Let f(k) = 2*k + 9. Determine f(x).
-5
Let h = -17 + 6. Let p(w) = 37*w**3 - 11*w**2 + 15*w - 2. Let k(z) = -19*z**3 + 6*z**2 - 8*z + 1. Let m(l) = h*k(l) - 6*p(l). Determine m(1).
-14
Let y(f) be the third derivative of -f**7/1260 - f**6/360 + f**5/10 + 8*f**2. Let k(w) be the third derivative of y(w). What is k(-2)?
6
Let m(l) be the first derivative of -1 + 1/3*l**3 + 2*l + 1/4*l**4 + 1/2*l**2. Suppose 2*u + 3*u + 3*s = -19, 5 = -u - s. Determine m(u).
-4
Let a(o) = o**3 + 6*o**2 + 5*o + 6. Let y be a(-5). Let l(r) = -9*r**3 - 5*r - 6 + 8*r**3 - 1 - y*r**2. Calculate l(-5).
-7
Suppose 14 = t - 2*n, -3*n - 8 = -3*t + 22. Let p(s) = -s**3 + 7*s**2 - 6*s. What is p(t)?
0
Suppose 3*j = -2*f - 16, -5 = 5*f - 2*j - 3. Let k be -1*f*1*2. Let o(x) be the third derivative of -x**5/60 + x**4/6 - x**3/3 - 3*x**2. Determine o(k).
-2
Let q(n) = 31*n - 13 - 54*n + 22*n. Calculate q(-7).
-6
Let j(x) = 2*x + 2*x - 6*x - 6 + 3. Let n be (-3)/(9/15) - -2. Calculate j(n).
3
Suppose -2*h - 2*b = -26, 0*h - h = -b - 3. Let y(t) = t - 3. What is y(h)?
5
Let z(j) = -j**3 + 13*j**2 - 13*j + 17. Let n be z(12). Let t(m) = 11*m + 14. Let u(w) = 5*w + 7. Let i(k) = -6*t(k) + 13*u(k). Determine i(n).
2
Let q(t) = -t**2 + 5*t + 2. Let i(x) = -x**3 - 7*x**2 + 7*x - 7. Let v = -15 - -7. Let n be i(v). Let f be 4